= 11 - x*d - 3*d + 5*d + 3*d. Determine u(7).
4
Let w(a) = -5 + a**3 - 20 - 6*a**2 - 5*a + 0*a**3 + 18. Suppose 0 = 2*m - 5*m - 3*n + 33, 3*m - 13 = 2*n. Determine w(m).
7
Let g(o) = -o**2 + 7*o + 7. Let z(c) = -c**3 - 4*c**2 + 15*c - 3. Let r be z(-7). Suppose -6*m + r = -3. Determine g(m).
7
Let q(d) = 20*d**3 + d**2 + d + 1. Let c be 17/(-19) - -9*(-16)/1368. Determine q(c).
-19
Let x(k) = 2*k**2 + 12*k - 14. Let s be x(-6). Let p = s + 8. Let m(l) = l**3 + 5*l**2 - 4*l + 8. Calculate m(p).
-4
Let p(h) = h**2 - 3*h + 1. Let m(x) = -3*x**2 + 7*x - 1. Let f(u) = -2*m(u) - 5*p(u). Let g be 2/5 - (-14)/175*-5. Calculate f(g).
-3
Suppose -8 - 128 = -2*l. Let m(r) = 69*r - l*r + 0 + 1. Determine m(5).
6
Let m(r) be the third derivative of 0*r**3 - 1/24*r**4 + 0 + 13*r**2 + 0*r. Calculate m(-1).
1
Let q be (-9)/(-2) - 1/(-2). Let r = 289 - 286. Let u(z) = r*z + z - q*z. What is u(5)?
-5
Let m(w) be the second derivative of -1/120*w**6 + 1/10*w**5 + 1/24*w**4 + 0 - 3*w**2 + 1/3*w**3 + 2*w. Let h(p) be the first derivative of m(p). What is h(6)?
8
Let y = -61 - -68. Suppose -5*b + 17 = y. Let t(h) = h**2 - 2*h + 1. Determine t(b).
1
Let i(m) = -5*m + 5*m + 13*m - 12*m. Suppose -4*c + 4*y = 4, -2*y = -2*c + y - 2. Determine i(c).
-1
Let o(k) = 3 - 3*k - 7*k + 4*k + 3*k. What is o(2)?
-3
Let d(n) be the third derivative of n**4/12 - 5*n**3/3 - 78*n**2. Determine d(8).
6
Let j(k) = -2*k**2 - 21*k - 7. Let s be (20/30)/(3/(-45)). Calculate j(s).
3
Let t = -89 + 71. Let z(y) = -y**2 - 19*y - 17. What is z(t)?
1
Let r = -38 + 22. Let j = -3 - r. Let g(h) = -21*h + j*h + 7*h. Give g(6).
-6
Let b(f) = -5*f**2 + 3*f - 9. Let n = -4 + 10. Let g = -20 + 15. Let o(s) = -4*s**2 + 2*s - 8. Let y(l) = g*b(l) + n*o(l). Give y(5).
7
Let k(d) = d**2. Suppose -2*x - 20 = -4*j + x, -4 = x. Suppose 5*p - j*p = 0. Suppose -5*u = l + 23, -4*l + u - 8 = -p*l. Give k(l).
9
Let l(x) = 6*x**2 + 1. Suppose -5*u - 3*z = -0*z - 10, -18 = 3*u - 3*z. Let t be l(u). Let d(y) = 1 + t*y**2 + 1 - 9*y**2 + 5*y. What is d(4)?
-10
Let d be ((-1)/1*-1)/((-1)/(-3)). Let o(k) = 5*k + d + k**3 - 73*k**2 + 77*k**2 + 0*k. Calculate o(-3).
-3
Let j(b) = 13*b - 4. Let x(d) = 8*d - 3. Let i = 46 + -38. Let u(n) = i*x(n) - 5*j(n). Let o(k) = k - 1. Let m be o(-2). Calculate u(m).
-1
Let l(x) = -x + 8. Let o be l(8). Let y(j) be the third derivative of 1/2*j**3 + 0*j - 1/60*j**5 + 0*j**4 + 8*j**2 + 0. What is y(o)?
3
Let y(o) be the first derivative of 0*o**3 - 36 + 1/4*o**4 + o + 1/2*o**2. What is y(-1)?
-1
Suppose 4*z = w + 1 - 7, z = -1. Let u(j) = 0 - 2*j + j**w - 3*j**3 - 1 + 4*j**2 + 2*j**3. Calculate u(4).
7
Let g(p) be the first derivative of -5*p**2/2 - 5*p - 389. Calculate g(5).
-30
Let y be (0 + 21/9)/(33/(-99)). Let v(a) = -2*a**2 - 13*a + 12. What is v(y)?
5
Let c(w) = -2*w**2 - 5*w + 24. Let x be c(3). Let h(f) = -f**2 - 10*f - 4. Give h(x).
5
Let x(c) = -3*c**2 + 2*c + 2. Let h(z) = -14*z - 81. Let p be h(-6). What is x(p)?
-19
Let f be (18/(-8))/(2/(-8)). Let w(n) = n**3 - 8*n**2 - 10*n - 7. Calculate w(f).
-16
Let o(l) = l**3 + 6*l**2 - l + 5. Let y be o(-6). Let p = y - 9. Let f(j) = j**2 + 46*j + 3 + 3*j**p - 50*j. Give f(2).
11
Let k(q) = -q**2 - q + 1. Let g(b) = -2*b**2 - 4*b + 10. Suppose 0 = o - 3. Let f = -6 + o. Let n(a) = f*k(a) + g(a). Determine n(0).
7
Let a(h) = -2*h - 9. Let r(i) = -i**3 + 8*i - 4. Let w be r(3). Let y be a(w). Let z(g) = 2*g - 5. Give z(y).
5
Let p(n) = n**2 - 2*n - 7. Suppose 0 = -i + 1, 0 = 5*m - 7*m - 3*i + 3. Determine p(m).
-7
Suppose 4*r = -0*r. Suppose -5*a - 5*k = -40, 4*a + 3*k = -r*a + 27. Let m(u) = 3*u + 8. Let f(y) = -y - 3. Let c(p) = a*m(p) + 8*f(p). Determine c(4).
4
Suppose 2 - 13 = -5*x + 2*m, -x = 3*m - 9. Let u(l) = -4*l + 3. What is u(x)?
-9
Let o(b) be the first derivative of b**6/120 - b**5/10 - 7*b**4/24 - b**3/2 + 7*b**2 + 10. Let c(v) be the second derivative of o(v). Calculate c(7).
-3
Let p(a) = 3*a. Let b(d) = -d - 2. Let f(c) = 2*b(c) + p(c). What is f(8)?
4
Let i = -569 - -574. Let k(b) be the first derivative of -b**4/12 + 5*b**3/6 + 3*b**2/2 - 2*b + 4. Let q(y) be the first derivative of k(y). Determine q(i).
3
Let q(j) = j**2 + 6*j - 5. Let o be 4 + -1 + -4 + 4. Suppose 3*v - o*l = 6, 0*v + 2*v + 5*l - 25 = 0. Suppose k - 4*y = -3 - 3, v*y = -k - 6. Calculate q(k).
-5
Let l(r) = -19*r + 21. Let u be l(9). Let v = -159 - u. Let n(q) = -q**3 - 9*q**2 - 3*q - 5. Give n(v).
22
Suppose 0 = -13*p + p + 72. Let r(g) = 7*g - 5 + 3 + 4 + 0 - g**3 + 5*g**2. Calculate r(p).
8
Let s = -407 + 408. Let o(w) = 6*w**3 + 2*w**2 - w. Calculate o(s).
7
Let b be -9 + (-8)/(-2) + -3. Let s(p) = -p**3 - 8*p**2 + 5*p + 12. Determine s(b).
-28
Let a(h) = -14*h + 4. Let w(k) be the first derivative of -5*k**2/2 + k - 28. Let u(x) = 4*a(x) - 11*w(x). Let j(m) = -m + 6. Let o be j(0). Calculate u(o).
-1
Let n(l) be the third derivative of -l**4/24 - l**3/2 - l**2. Let r = -50 + 54. Calculate n(r).
-7
Let l(m) = 7*m**3 - m**2 + 2*m - 2. Let p(f) = 15*f**3 - 3*f**2 + 4*f - 3. Let n(s) = 13*l(s) - 6*p(s). Let r be n(-4). Let z(j) = -j**2 + j - 2. Give z(r).
-2
Let j(y) = -y**3 - y**2 - y + 4. Let t = -26 + 26. Suppose -4*m + 5*m = t. Suppose 2*v + 2*v = m. Determine j(v).
4
Let y be 58/14 + (-4)/28. Let k be (-3 + 3)*y/(-8). Let m(g) = g - 2. Determine m(k).
-2
Let j(v) = 2*v + 7. Let p be j(-5). Let n be (4/(-4))/(p/9). Let h(y) = -3*y**n + 2 + 4*y**2 - 6 - 3*y**2 + 3. Give h(-1).
3
Let f(a) = 2*a**2 + 44*a - 1. Let s = -1657 - -1635. What is f(s)?
-1
Let s be (-10 - -9)*0/(-1). Suppose 2*u + u + 15 = s. Let c be (-6)/u*(-11 + 6). Let d(p) = p**3 + 7*p**2 + 6*p + 4. Determine d(c).
4
Let f(n) = 670*n - n**2 - 1362*n + 677*n - 17. Let l(h) = -h**2 + 6*h - 7. Let g be l(7). Calculate f(g).
-3
Let k be 1 + (-9)/15 - 24/10. Let z(n) = -7*n**2 - 2*n + 1. What is z(k)?
-23
Let a(v) = v**3 - 5*v - 5. Let d be 6 + (-15)/(15/8). Determine a(d).
-3
Let i = -8 + 14. Let b(r) = -r**3 + 6*r**2 + 1. Let a be b(i). Let y(m) = 2 - 13*m + a + 14*m. Calculate y(-5).
-2
Let x(w) be the first derivative of -7*w**6/360 - w**5/120 - w**4/24 - 7*w**3/3 + 8. Let u(c) be the third derivative of x(c). Determine u(-1).
-7
Let h(o) = 2*o**2 - 13*o - 46. Let x be h(9). Let f(c) be the second derivative of c**5/20 + c**4/12 + c**3/6 + c**2/2 + c. What is f(x)?
0
Let a(v) be the third derivative of -v**6/120 - 7*v**5/60 - v**4/4 - v**3/6 + 272*v**2. Give a(-6).
-1
Suppose 0 = -3*d + 4*d - 2. Suppose 60 - 6 = d*i. Let h = i + -24. Let l(c) = -4*c + 4. Give l(h).
-8
Let g(f) = 5*f**2 + 2*f + 1. Let h = -10 + 12. Suppose 2*z = -h*z. Let b be (-2 - z) + -8 + 9. Calculate g(b).
4
Let x(u) = -34*u**3 + u**2 + u. Let t = -1177 + 1176. Determine x(t).
34
Let p(z) = 2*z - 3 + 4 - 3*z. Let c be (-1 + -3)/(2/3). Let a(h) = 5*h - 2. Let t(n) = c*p(n) - 2*a(n). Give t(-2).
6
Let o(g) = -6*g + 2. Let n(v) = -2*v - 5. Let c(z) = -3*z - 7. Let m(i) = -5*c(i) + 7*n(i). Let r(h) = -3*m(h) - o(h). Determine r(-4).
-14
Suppose 2*s = 5*g + 28, g + 3*s - 7 = 1. Let n(y) = 2*y**2 + 60 - 18*y**2 + 11*y**2 + 4*y**2 - 57. Give n(g).
-13
Let u be 45/4 - (-4 - -1)/(-12). Let h(d) = -3*d**2 + 13*d + 4*d**2 + u + 4. What is h(-11)?
-7
Let r(l) = l - 5. Suppose -8*x + 12*x - 16 = 0. Determine r(x).
-1
Let x = 1 - 2. Let k(s) = -4581435*s - 2*s**2 + 4581435*s - 4*s**2. Determine k(x).
-6
Suppose s = -0*s + 17. Let v = s + -12. Let z(c) = -4 - c**2 + c + 2*c**2 - 5*c. Give z(v).
1
Let f(t) = -3*t - 46. Let x(d) = -85*d - 15. Let s be x(0). Determine f(s).
-1
Let u = -15 + -14. Let f = u - -23. Let a(v) = v**3 + 5*v**2 - 6*v + 5. What is a(f)?
5
Let t(y) = y**3 + 5*y**2 + 6*y + 4. Let v(b) be the third derivative of -b**5/4 - 7*b**2. Let a be v(1). Let p = a + 11. Calculate t(p).
-4
Let b(z) = z**3 + 9*z**2 + z + 9. Suppose -198 - 36 = -3*d. Let o = d + -87. Calculate b(o).
0
Let i be (-18)/(-4) + 1/(-2). Suppose 3 + 37 = i*z. Let o(j) = j - 6. Give o(z).
4
Let b(q) = 141*q + 15. Let d(w) = -17*w - 2. Let h(s) = -4*b(s) - 33*d(s). Calculate h(4).
-6
Let g be (-6)/(-9)*(-6)/(-4). Suppose 0 = -5*q + 20, -4*t + 8*t = 2*q + 100. Let f(n) = -28*n + t*n + 17*n**3 - 6*n**3 + n**2. Give f(g).
11
Let p(k) = k**2 + 27*k + 5. Let j be p(0). Let a(f) = -2*f**2 + 3*f + 6. Calculate a(j).
-29
Let k(w) be the first der